 = m + 2 + 29. Let n = m + 61. What is the remainder when n is divided by 16?
14
Suppose -2*t - 34 = 3*k + 62, -k - 32 = -t. Let w = -1 + -13. Let q = w - k. Calculate the remainder when q is divided by 10.
8
Let i(h) = -h**3 + 9*h**2 - 16*h + 14. Suppose 2*s + 150 = 5*s. Calculate the remainder when s is divided by i(6).
24
Calculate the remainder when 48 is divided by ((-34)/4)/(153/(-18) - -8).
14
Suppose 0 = 2*b - 4*b. Suppose -2*n - g = -9, 4*n + b = 3*g + 3. Let i(r) = r**3 - 5*r**2 + 2*r - 3. Calculate the remainder when i(5) is divided by n.
1
Let n(s) = 2*s + 25. What is the remainder when 11 - (1 - 1)*1 is divided by n(-11)?
2
Suppose 4*x = 8 + 8. Calculate the remainder when 18 is divided by x.
2
Suppose -88 + 244 = 4*g. Let f(x) = -15*x**3 + x. Calculate the remainder when g is divided by f(-1).
11
Suppose 3*d = -3*d + 84. Suppose -3 - 9 = 4*a. Let f = a + d. Calculate the remainder when f is divided by 7.
4
Let j(k) = 4*k - 24. What is the remainder when j(12) is divided by 13?
11
Suppose -5*l - 14 = -29. Calculate the remainder when 10 is divided by l.
1
Let t(p) = -4*p**2 - 4*p - 4. Let d be t(7). Let f = -149 - d. Calculate the remainder when f is divided by 20.
19
Suppose -3*r + d = -51, 0 = 3*r - d - d - 51. What is the remainder when 83 is divided by r?
15
Suppose 7*z = 29 + 104. Calculate the remainder when 73 is divided by z.
16
Let h(a) = -a**3 + 11*a**2 - 7*a - 13. What is the remainder when 134 is divided by h(10)?
15
Let j(o) = 27*o**2 - o. What is the remainder when 97 is divided by j(1)?
19
Suppose 115 = 5*c + x, -4*x = -4*c - 5*x + 93. Let w be (-2)/(-3) + 14/6. Calculate the remainder when c is divided by (w + -2)/((-1)/(-12)).
10
Let c(n) = 4*n**2 - 11*n + 7. Calculate the remainder when 258 is divided by c(5).
50
Let h = 99 - 50. Calculate the remainder when h is divided by 13.
10
Let m = 32 + -8. What is the remainder when 46 is divided by m?
22
Let v = -3 + 2. Let f(m) be the first derivative of -7*m**4/4 + m**3/3 + m**2 + m + 19. Calculate the remainder when f(v) is divided by 3.
1
Let n = -45 + 48. Let y(p) = 2*p**2 + 4*p + 1. Let a(m) = 3*m**2 + 5*m + 1. Let g(q) = 3*a(q) - 4*y(q). Calculate the remainder when 7 is divided by g(n).
2
Suppose -3*v + 19 = -8. What is the remainder when 26 is divided by v?
8
Let i(o) = -129*o + 2. What is the remainder when i(-1) is divided by 33?
32
Suppose -8*x + 13 + 27 = 0. Let i be (5/15)/(2/30). What is the remainder when x is divided by 1 + (i - (2 - 0))?
1
Let o(l) = -3*l - 8. Calculate the remainder when 38 is divided by o(-6).
8
Suppose 10*d = 8*d + 1248. Suppose 248 = 4*i - d. Suppose -5*c + 3*w + 111 + i = 0, 2*c = -3*w + 119. Calculate the remainder when c is divided by 22.
20
Let j = -8 + 7. Let s = j + 13. What is the remainder when s is divided by 7?
5
Let c(l) = -29*l**3 - 2*l - 1. Calculate the remainder when c(-1) is divided by 8.
6
Suppose 3*m = 0, 3*m = f - 2*f + 3. Suppose x = -4*x + 2*s + 37, 3*x - 15 = f*s. What is the remainder when 25 is divided by x?
7
Let f = 61 - 32. Calculate the remainder when 56 is divided by f.
27
Let i(q) = q**2 - 8*q - 6. Let x be i(9). Suppose -2 = -x*u + 4, 0 = -f + 3*u - 5. What is the remainder when f is divided by 1?
0
Suppose 3*w = -2*w - o + 113, -15 = -5*o. Let g be 6077/7 - (-16)/(-112). What is the remainder when g/20 - 4/10 is divided by w?
21
Suppose 4*b + 13 = 73. Suppose 5*j - 2*t - 432 = 0, -j + t = 3*t - 96. Suppose -j = -0*m - 2*m. Calculate the remainder when m is divided by b.
14
Suppose -44 = w - 5*w. Let t = 17 - w. What is the remainder when 10 is divided by t?
4
Let j be 0 + (6 - (-2)/(-2)). Suppose 5*p = h + 42, -p - j*h + 10*h + 18 = 0. Calculate the remainder when 23 is divided by p.
7
Let z = -28 + 31. What is the remainder when 9 is divided by z?
0
What is the remainder when 111 is divided by 102/8 - (5 + 84/(-16))?
7
Suppose 0 = -3*d + 17 + 1. Suppose -d - 6 = -v. What is the remainder when 45 is divided by v?
9
Suppose 0 = -3*g + 9 + 3. Calculate the remainder when g is divided by 2.
0
Let a = -1 + 2. What is the remainder when 11 is divided by a/4 + (-105)/(-28)?
3
Let i(f) be the third derivative of f**5/60 + f**4/12 - f**3 + 8*f**2. Calculate the remainder when 7 is divided by i(-4).
1
Suppose -4*x - 3*r = -92 - 73, -4*r = -5*x + 214. Calculate the remainder when x is divided by (3/(-12)*0 + 15)/1.
12
Suppose 57 = -5*z - 43. Let x = -11 - z. Calculate the remainder when (-45)/(-6)*30/x is divided by 14.
11
Let m(c) be the third derivative of c**5/60 - 3*c**4/8 + 7*c**3/6 - 4*c**2. What is the remainder when m(10) is divided by 5?
2
Suppose -2*a - 2*z = 2*a - 50, a = -4*z + 30. Calculate the remainder when (-35 + 0)*(-8)/a is divided by 15.
13
Suppose -5*q - 4*d = -50, 4*q - q = 5*d - 7. Let z = -10 + 28. Calculate the remainder when z is divided by ((-12)/(-8))/(q/40).
8
What is the remainder when 4 + 192 - 3 - (1 - 0) is divided by 65?
62
Calculate the remainder when 4*(5 - (-3)/2) is divided by 10.
6
Let w = -5 + 5. Calculate the remainder when 38 is divided by w - 52/(-3 + -1).
12
Suppose -4*a - 70 = -3*c, 4*a = 2 - 18. Calculate the remainder when 34 is divided by c.
16
Let b(f) = -f**3 + 25*f**2 + 9. What is the remainder when 23 is divided by b(25)?
5
Let y(q) = 2*q**3 - 7*q**2 + q - 5. Calculate the remainder when y(5) is divided by (76*-1 - 0)*3/(-12).
18
Let n(t) = -t**2 + 7*t - 6. Let v be n(7). Let m = v - -28. Calculate the remainder when m is divided by 8.
6
Let l be (-2)/13 + (-368)/(-26). Let a = l - 5. Calculate the remainder when 17 is divided by a.
8
Let g(l) = -2*l**2 - 5*l - 9. Let i(x) = 2*x**2 + 5*x + 10. Let s(m) = -6*g(m) - 5*i(m). What is the remainder when s(-3) is divided by 3?
1
What is the remainder when (7 + -4)/3*174 is divided by 35?
34
Suppose 20 = -j + 5*j. What is the remainder when 19 is divided by j?
4
Let d(q) = -3*q**2 - 23*q + 13. Let z(j) = -2*j**2 - 12*j + 7. Let x(m) = 3*d(m) - 5*z(m). What is the remainder when 9 is divided by x(9)?
1
What is the remainder when (-970)/(-110) - 4/(-22) is divided by 4?
1
Let b = 10 + -4. Suppose -m = -b*m + 55. Calculate the remainder when 43 is divided by m.
10
Suppose -88 - 152 = -4*j. Suppose -4*m + 16 = -j. Calculate the remainder when 73 is divided by m.
16
Let o be (18/(-4))/(3/6). Let c = 25 + o. Calculate the remainder when 46 is divided by c.
14
Let h = 65 - -67. What is the remainder when h is divided by 27?
24
Let q = 33 - 24. Calculate the remainder when 50 is divided by q.
5
Let x(v) = -v**3 - 6*v**2 - v - 1. Let g be x(-6). Suppose 0*m + 33 = 3*r + 3*m, 49 = g*r + 3*m. Calculate the remainder when 29 is divided by r.
5
Suppose 2*k + 2*k = 140. Let z(c) = -c - 2. Calculate the remainder when k is divided by z(-11).
8
Let l(w) = -w + 16. Suppose 0 = -4*o - 0*o - 12, -5*t = 5*o - 30. What is the remainder when 19 is divided by l(t)?
5
Let p(t) = t**3 + t - 1. Let d(a) = -a**2 + 8*a - 9. Calculate the remainder when d(6) is divided by p(1).
0
Let j(s) = -s**2 + 6*s + 1. Suppose -2*n = -5*n + 45. Calculate the remainder when n is divided by j(4).
6
Let u be (-81)/(-12) - (-2)/8. Calculate the remainder when 4 is divided by 2*4/(u - 3).
0
Let f = 8 + -6. Calculate the remainder when (234/45)/(f/10) is divided by 9.
8
Let v(o) = o + 2. Let w(y) = -y. Let g be w(-4). Suppose 3*t = g*t - 20. What is the remainder when t is divided by v(5)?
6
Suppose i - 3 = 5*d - 5, 4*i = -d + 13. What is the remainder when 3 is divided by i?
0
Let m(n) be the second derivative of n**4/12 - n**3/2 + n**2 + 3*n. What is the remainder when m(6) is divided by 7?
6
Suppose -i + 10 = a + a, -2*a - 3*i + 18 = 0. Calculate the remainder when 5 is divided by a.
2
Let i = 4 + 1. Let h be 6/9 - 2/(-6). Suppose -3*a - 24 = -4*t - h, 4*t + a = 3. What is the remainder when i is divided by t?
1
Let n be 6/(-1 + 3 - 0). Let l(v) = -v**2 + 2*v**3 - n - 3*v + 7*v**2 - 3*v**3. What is the remainder when 43 is divided by l(3)?
13
Calculate the remainder when ((-10)/(-30))/(2/462) is divided by 26.
25
Let k(q) = q - 6. Calculate the remainder when 22 is divided by k(12).
4
Suppose u - 6 = -2*z, -29 = -3*z - 2*z + u. Suppose -z*q + 90 + 120 = 0. Calculate the remainder when q is divided by 15.
12
Suppose c - 3*n + 20 = 2*c, 44 = 4*c + 3*n. Suppo